{"id":169,"date":"2025-03-26T22:42:29","date_gmt":"2025-03-26T21:42:29","guid":{"rendered":"http:\/\/www.oligo-ingenierie.fr\/?page_id=169"},"modified":"2025-04-01T13:22:09","modified_gmt":"2025-04-01T11:22:09","slug":"maitrise-doeuvre","status":"publish","type":"page","link":"https:\/\/www.oligo-ingenierie.fr\/index.php\/maitrise-doeuvre\/","title":{"rendered":"Ma\u00eetrise d&#8217;oeuvre"},"content":{"rendered":"\n<p><strong>oligo ing\u00e9nierie intervient en ma\u00eetrise d&#8217;oeuvre et vous propose ses services \u00e0 chaque phase de vos projets :<\/strong><\/p>\n\n\n\n<div id=\"wp-block-themeisle-blocks-advanced-columns-797bcf54\" class=\"wp-block-themeisle-blocks-advanced-columns has-1-columns has-desktop-equal-layout has-tablet-equal-layout has-mobile-equal-layout has-vertical-unset\"><div class=\"wp-block-themeisle-blocks-advanced-columns-overlay\"><\/div><div class=\"innerblocks-wrap\">\n<div id=\"wp-block-themeisle-blocks-advanced-column-1a77b1ec\" class=\"wp-block-themeisle-blocks-advanced-column\"><\/div>\n<\/div><\/div>\n\n\n\n<div class=\"wp-block-group alignwide is-content-justification-space-between is-nowrap is-layout-flex wp-container-core-group-is-layout-cb46ffcb wp-block-group-is-layout-flex\">\n<figure class=\"wp-block-image size-large is-resized\"><img loading=\"lazy\" decoding=\"async\" width=\"1024\" height=\"652\" src=\"http:\/\/www.oligo-ingenierie.fr\/wp-content\/uploads\/2025\/04\/plan-maison-architecte-1024x652.jpg\" alt=\"\" class=\"wp-image-219\" style=\"width:348px;height:auto\" srcset=\"https:\/\/www.oligo-ingenierie.fr\/wp-content\/uploads\/2025\/04\/plan-maison-architecte-1024x652.jpg 1024w, https:\/\/www.oligo-ingenierie.fr\/wp-content\/uploads\/2025\/04\/plan-maison-architecte-300x191.jpg 300w, https:\/\/www.oligo-ingenierie.fr\/wp-content\/uploads\/2025\/04\/plan-maison-architecte-768x489.jpg 768w, https:\/\/www.oligo-ingenierie.fr\/wp-content\/uploads\/2025\/04\/plan-maison-architecte-1536x978.jpg 1536w, https:\/\/www.oligo-ingenierie.fr\/wp-content\/uploads\/2025\/04\/plan-maison-architecte.jpg 1728w\" sizes=\"auto, (max-width: 1024px) 100vw, 1024px\" \/><\/figure>\n\n\n\n<ul class=\"wp-block-list\">\n<li>Etude de faisabilit\u00e9 (FAI)<\/li>\n\n\n\n<li>Etudes d&#8217;avant-projet (AVP)<\/li>\n\n\n\n<li>Etudes de projet (PRO)<\/li>\n\n\n\n<li>Assistance \u00e0 la passation des contrats (ACT)<\/li>\n\n\n\n<li>Etudes d&#8217;ex\u00e9cution (EXE)<\/li>\n\n\n\n<li>Direction de l&#8217;ex\u00e9cution des travaux (DET)<\/li>\n\n\n\n<li>Ordonnancement, pilotage et coordination (OPC)<\/li>\n\n\n\n<li>Assistance aux op\u00e9rations de r\u00e9ception (AOR)<\/li>\n<\/ul>\n<\/div>\n\n\n\n<p><\/p>\n","protected":false},"excerpt":{"rendered":"<p>oligo ing\u00e9nierie intervient en ma\u00eetrise d&#8217;oeuvre et vous propose ses services \u00e0 chaque phase de vos projets :<\/p>\n","protected":false},"author":1,"featured_media":0,"parent":0,"menu_order":2,"comment_status":"closed","ping_status":"closed","template":"","meta":{"_themeisle_gutenberg_block_has_review":false,"footnotes":""},"class_list":["post-169","page","type-page","status-publish","hentry"],"_links":{"self":[{"href":"https:\/\/www.oligo-ingenierie.fr\/index.php\/wp-json\/wp\/v2\/pages\/169","targetHints":{"allow":["GET"]}}],"collection":[{"href":"https:\/\/www.oligo-ingenierie.fr\/index.php\/wp-json\/wp\/v2\/pages"}],"about":[{"href":"https:\/\/www.oligo-ingenierie.fr\/index.php\/wp-json\/wp\/v2\/types\/page"}],"author":[{"embeddable":true,"href":"https:\/\/www.oligo-ingenierie.fr\/index.php\/wp-json\/wp\/v2\/users\/1"}],"replies":[{"embeddable":true,"href":"https:\/\/www.oligo-ingenierie.fr\/index.php\/wp-json\/wp\/v2\/comments?post=169"}],"version-history":[{"count":8,"href":"https:\/\/www.oligo-ingenierie.fr\/index.php\/wp-json\/wp\/v2\/pages\/169\/revisions"}],"predecessor-version":[{"id":237,"href":"https:\/\/www.oligo-ingenierie.fr\/index.php\/wp-json\/wp\/v2\/pages\/169\/revisions\/237"}],"wp:attachment":[{"href":"https:\/\/www.oligo-ingenierie.fr\/index.php\/wp-json\/wp\/v2\/media?parent=169"}],"curies":[{"name":"wp","href":"https:\/\/api.w.org\/{rel}","templated":true}]}}